 greatest common divisor of 2272021 and 279?
31
Calculate the greatest common divisor of 2712 and 4167666.
678
Calculate the highest common factor of 13584 and 39889416.
6792
What is the highest common divisor of 8733306 and 10019?
233
Calculate the greatest common factor of 231768124 and 28.
28
What is the highest common divisor of 96216916 and 872?
436
What is the greatest common divisor of 5 and 18921595?
5
What is the greatest common divisor of 313435463 and 11?
11
What is the greatest common factor of 6576 and 2421168?
48
What is the greatest common factor of 226908 and 418?
22
Calculate the greatest common factor of 616812 and 266196.
84
What is the greatest common factor of 37674 and 31287429?
207
What is the highest common divisor of 3440 and 555931520?
3440
What is the highest common divisor of 268 and 804?
268
Calculate the greatest common divisor of 381216408 and 1016.
1016
Calculate the greatest common factor of 108188 and 26979068.
2516
Calculate the greatest common divisor of 129426 and 1345564.
1166
What is the highest common divisor of 85008 and 217?
7
Calculate the greatest common divisor of 7063 and 10902245.
1009
What is the highest common factor of 123865450 and 90?
10
What is the highest common divisor of 757260 and 16718618?
8414
What is the highest common divisor of 7467619 and 67?
67
Calculate the highest common divisor of 7320000 and 180.
60
What is the greatest common divisor of 2394 and 43045146?
342
What is the highest common divisor of 1 and 908585?
1
Calculate the highest common divisor of 57 and 24720.
3
What is the highest common divisor of 159660 and 50?
10
What is the greatest common divisor of 2105 and 204658625?
2105
What is the highest common factor of 176340 and 6540?
60
Calculate the greatest common factor of 66 and 12358770.
6
Calculate the highest common factor of 69226625 and 1450.
725
What is the highest common factor of 59185364 and 476?
476
What is the highest common divisor of 2872937496 and 488?
488
Calculate the highest common factor of 63886760 and 4.
4
Calculate the highest common divisor of 197053755 and 1065.
1065
What is the highest common divisor of 38874464 and 64?
32
Calculate the greatest common divisor of 46092055 and 28043.
967
Calculate the highest common divisor of 1466946 and 23166.
234
Calculate the greatest common divisor of 10448757 and 243.
243
What is the highest common factor of 6227672 and 88?
88
Calculate the greatest common divisor of 15847 and 34888999.
1219
What is the highest common divisor of 401 and 46765021?
401
Calculate the greatest common divisor of 3396029 and 222976.
871
What is the highest common divisor of 32290871 and 1726?
863
Calculate the highest common divisor of 5875 and 3070000.
125
Calculate the highest common divisor of 767 and 821575.
59
What is the highest common divisor of 106330554 and 594?
198
Calculate the highest common divisor of 351627573 and 4938.
2469
What is the highest common factor of 451 and 56358395?
41
Calculate the highest common divisor of 132 and 15271850.
22
What is the highest common factor of 24537220 and 50?
10
Calculate the greatest common divisor of 34240 and 13480.
40
What is the highest common divisor of 30920202 and 36?
18
What is the greatest common divisor of 311910378 and 1317?
1317
What is the highest common factor of 5986 and 555530?
146
What is the highest common divisor of 3885 and 46469780?
1295
What is the greatest common divisor of 4480 and 4016768?
896
Calculate the greatest common divisor of 6320 and 211580.
20
Calculate the highest common factor of 9766 and 1416157894.
9766
Calculate the highest common divisor of 323352 and 332586.
162
What is the greatest common factor of 1410009779 and 874?
437
What is the greatest common divisor of 117588284 and 130084?
7652
What is the highest common factor of 1892506 and 9086?
154
Calculate the greatest common divisor of 501 and 324792789.
501
What is the greatest common divisor of 7752451 and 8153?
263
Calculate the highest common divisor of 100717 and 170752.
667
What is the highest common factor of 38226641 and 17505?
389
Calculate the greatest common divisor of 102626050 and 100.
50
What is the greatest common divisor of 11659620 and 2236520?
7820
What is the greatest common factor of 14664 and 22686612?
156
What is the highest common factor of 10626 and 24289518?
1518
What is the greatest common divisor of 14948 and 62015515?
3737
What is the greatest common factor of 8478886 and 6?
2
What is the greatest common factor of 1023 and 250852?
31
Calculate the greatest common factor of 102125 and 2931095.
215
What is the greatest common divisor of 19458 and 64314?
18
Calculate the greatest common factor of 4 and 9745660.
4
What is the greatest common factor of 2156 and 12486572?
196
Calculate the highest common factor of 6143116 and 1104.
92
What is the greatest common factor of 39012246 and 7735?
1547
What is the greatest common factor of 4788740 and 2420?
220
What is the greatest common factor of 494 and 177684637?
247
What is the highest common divisor of 1128 and 22895016?
1128
What is the greatest common factor of 546 and 26522076?
42
Calculate the highest common divisor of 16378 and 1921147.
19
What is the highest common divisor of 289 and 1749521?
17
Calculate the highest common factor of 13827113 and 10719.
397
Calculate the greatest common factor of 116 and 841662447.
29
Calculate the highest common divisor of 398861905 and 1105.
1105
What is the highest common factor of 5700 and 166191100?
1900
Calculate the greatest common divisor of 485 and 20350018.
97
What is the highest common factor of 151 and 246623619?
151
What is the greatest common divisor of 23692760 and 2264?
2264
Calculate the greatest common divisor of 27 and 4630887.
9
What is the highest common factor of 107174837 and 35?
7
What is the highest common factor of 144 and 1820502?
18
What is the highest common divisor of 1358707539 and 1407?
1407
Calculate the highest common factor of 69174 and 416178.
1134
What is the highest common factor of 3791208 and 4512?
1128
Calculate the highest common factor of 92815 and 461795.
95
Calculate the greatest common divisor of 882 and 90486.
18
What is the greatest common factor of 5777754204 and 2361?
2361
What is the greatest common divisor of 561602 and 418?
38
What is the greatest common factor of 2156 and 292944652?
308
What is the greatest common factor of 50 and 854253525?
25
What is the greatest common factor of 825384 and 952?
952
Calculate the greatest common divisor of 51520 and 8818880.
2240
What is the greatest common divisor of 16717 and 2212849?
73
What is the greatest common divisor of 7904 and 10800?
16
Calculate the greatest common divisor of 1407 and 4721289.
201
Calculate the highest common factor of 2521216 and 68352.
128
Calculate the highest common divisor of 39809 and 3134712.
329
Calculate the greatest common factor of 834127 and 15849.
587
Calculate the highest common divisor of 24888 and 1799229.
51
What is the greatest common divisor of 2815308 and 19476?
36
Calculate the greatest common factor of 431756 and 106444.
1196
What is the greatest common divisor of 301 and 49735133?
301
What is the highest common divisor of 55946 and 82?
2
Calculate the highest common factor of 7372 and 114618013.
1843
What is the highest common divisor of 1352858073 and 7?
7
Calculate the highest common factor of 134384725 and 25.
25
What is the greatest common factor of 1395173 and 16692?
1391
What is the highest common divisor of 542135349 and 567?
567
Calculate the greatest common divisor of 41938543 and 214.
107
What is the highest common divisor of 1347684 and 183327?
159
What is the highest common divisor of 10154790 and 180?
90
What is the highest common divisor of 52741077 and 20775?
831
Calculate the highest common divisor of 30810547 and 2116.
529
What is the greatest common divisor of 57513 and 276466?
1009
What is the highest common factor of 6376 and 56532?
4
What is the greatest common divisor of 22461000 and 21000?
3000
What is the greatest common divisor of 825222483 and 16542?
8271
What is the greatest common factor of 574002096 and 144?
48
What is the highest common divisor of 4592 and 4676624?
656
Calculate the highest common factor 